1*t - 8. Let u be x(-10). Suppose -5*v + 2*h + 25 = -34, -2*v - u*h = -18. What is the units digit of v?
1
Let l(m) = -m**3 - 12*m**2 - 11*m + 6. Let a = 3 + -3. Suppose a = -y - 4*y - 55. What is the units digit of l(y)?
6
Let a = 11 - 7. Let p = 8 - a. Let m = p + -2. What is the units digit of m?
2
Let y(r) = 97*r**2 - 3*r + 3. What is the units digit of y(1)?
7
Let o(l) = -6*l + 9. Let i be o(5). Let z = i + 36. What is the units digit of z?
5
Suppose 5*r - 4 - 6 = 0. Suppose s = 5*h, 3*s - 22 = -s - 2*h. Suppose -6 = -r*q, 5*q + 6 - 1 = s*j. What is the units digit of j?
4
Let p = -46 - -69. What is the tens digit of p?
2
What is the units digit of -4 - 3/((-12)/40)?
6
Let r(h) = 2*h**3 - 5*h**2 + h - 1. Let f be r(4). Suppose -l + f = 2*l. What is the tens digit of l?
1
What is the tens digit of (-4)/(-12) + 204/9?
2
Suppose 2*n - 6 = 3*w - w, -4*n - 9 = 3*w. Suppose -25 = -z - n*z. What is the tens digit of z?
2
Let m(h) = h**3 + 8*h**2 + 8. Let v be m(-8). What is the units digit of v - (2 + 1 - 2)?
7
Let b(o) = 28*o**3 - 9 - 14*o**3 - o + 7*o**2 - 15*o**3. What is the units digit of b(5)?
6
Let t be (8/10)/(12/30). Suppose t*l - 7*l + 23 = 3*o, -44 = -4*l + 4*o. What is the units digit of l?
7
Let k = -8 - -11. Let v be 5 + -1*6/k. Suppose 0 = -3*z - 9, -5 = v*s + 4*z + 4. What is the units digit of s?
1
Suppose -2*d - 49 + 16 = -3*f, 3*d + 21 = -5*f. Let b = d + 17. Suppose -3*h - 3*p + 8 = -4*h, b*p = 20. What is the units digit of h?
4
Let x(a) = a - 4. Let c be x(6). Suppose 5*y + n - 18 = -c*n, 4*n = -y + 7. What is the units digit of 4/12 - (-2)/y?
1
Let x = 3 + -6. Let z be 28/(-6) + 1/x. Let o(v) = -v**2 - 5*v + 1. What is the units digit of o(z)?
1
Let p(w) = 30*w + 2. What is the tens digit of p(1)?
3
What is the units digit of (-12 - -19) + 1 + -1?
7
Suppose 0*c - 2*c + 398 = 0. What is the tens digit of c?
9
Suppose -2*u - o = -55, 0*o + 1 = o. What is the tens digit of u?
2
Let k(r) = -6 - 4 + 4*r + 6. What is the units digit of k(3)?
8
Let y = 53 + -27. Let w = y - -6. Suppose w = 2*d + 12. What is the units digit of d?
0
Let x(r) = -4 + 0*r + 8 + 0*r + r. Let w be x(0). What is the units digit of 5/10 + 18/w?
5
Let h(q) = 2*q - 2. Let o be h(2). Suppose -3*z = -o*i + 44, 0*i = -4*i + 4. What is the units digit of -2*-1*z/(-4)?
7
Let z be -10 + (-4)/2 + 0. Suppose -2*h + h = -x, 0 = -4*x - 4*h. What is the units digit of (-6 - x)/(9/z)?
8
Let h(r) = -r - 2. Let u be h(-7). Suppose 0*q - 135 = u*q. Let l = -16 - q. What is the tens digit of l?
1
Let m = 8 - 3. Suppose -b = -2*q - 3*b + 26, -b - 47 = -m*q. Suppose u = 5*g + 23, 3*g - 25 = -3*u - q. What is the units digit of u?
8
Suppose 79 = 2*a + 23. Suppose a = 4*n - 0*n. What is the units digit of n?
7
Let w be ((-2)/(-2))/((-1)/(-2)). Suppose w*y - 5*s - 43 = -0*y, 3*y = -5*s + 27. What is the tens digit of y?
1
Suppose -2*f = z + 3*f - 4, 3*z - 12 = -2*f. What is the units digit of z?
4
Suppose 3*q = -2*q. Suppose q = -5*t - 0*t + 85. What is the units digit of t?
7
Let q be 0 - -33 - (-5 - -3). Suppose 0 = -3*f + 10 + q. Suppose 3*y = f + 3. What is the units digit of y?
6
Let s(u) = 5*u**2 - 3*u + 1. Let f be s(2). Let y(d) = -d + 36. What is the units digit of y(f)?
1
Suppose -3*k + 177 = 3*g - 0*g, 256 = 4*g - k. What is the tens digit of g?
6
Suppose 0 = 2*u + 4*q - 480, 5*u + 2*q + q - 1186 = 0. What is the tens digit of u?
3
Suppose 16 = 5*l - 79. Let d(o) = -8*o**2 + o - 1. Let y be d(1). Let s = y + l. What is the tens digit of s?
1
Suppose -3*a = -6*c + 3*c + 9, -2*a + 6 = 2*c. Suppose -c*j = 2*k - 64, 59 = 4*j + 3*k - 28. What is the tens digit of j?
1
Suppose 25 = 4*x + 2*j - 39, 5*j = -4*x + 76. Suppose x = 2*y + 2. Suppose -3*t = -4*m - 32, -y*m + 65 = 5*t - m. What is the tens digit of t?
1
Let n(b) = b + 1. Let k be (-4 - -3) + 6/(-2). Let x(f) = 2*f**2 + 6*f + 1. Let c be x(k). What is the tens digit of n(c)?
1
Let a(o) = -3*o - 12. What is the tens digit of a(-22)?
5
Let p(t) = -t - 1. Let s be p(-6). Let v = 5 + -1. Suppose q + v*x = -3*q + 40, s*x - 39 = -4*q. What is the units digit of q?
1
Let z = -1 + 2. Let l(s) = s - 1. Let f be l(z). Suppose f*q = 2*b - q - 33, 0 = b + q - 15. What is the units digit of b?
6
Let b(c) = c**3 + 7*c**2 + 5*c + 6. Let r(l) = -l - 1. Let m(j) = b(j) + 5*r(j). Let o(s) = 6*s - 1. Let a be o(-1). What is the units digit of m(a)?
1
Suppose 7 + 43 = 2*z. What is the units digit of z?
5
Suppose 3*r = r. Suppose 5*a - 6 = -3*g + 4, -3*g + 8 = 4*a. What is the units digit of 7 - (a + -4 + r)?
9
Suppose -3 = d - 5*n + 15, -n + 2 = -d. Suppose 52 = d*u + 16. What is the units digit of u?
8
Let a(r) be the second derivative of r**4/12 + 5*r**3/6 - 2*r**2 - 3*r. What is the tens digit of a(4)?
3
Suppose -l + 4*l - 6 = -2*t, l - 4*t - 16 = 0. Suppose -n = n - l. What is the units digit of n?
2
Let y(o) = -2*o**2 + 5*o - 1. Let j(n) = 2*n**2 - 5*n. Let q(x) = 4*j(x) + 3*y(x). What is the tens digit of q(-3)?
3
Let w(y) = -y**2 + 8*y + 8. Let l be w(9). Let g be 1*(75/(-1))/l. Suppose 4*z - 75 = c, -4*z + g = z - 5*c. What is the tens digit of z?
2
Let z(w) = -w**2 + 2*w + 5. Let o be z(4). What is the tens digit of (-8)/(o - (-60)/21)?
5
Suppose -35 = -z - p, -2*p = -z + 4*z - 110. What is the units digit of z?
0
Suppose 0*m + 3*m - 77 = -2*h, 5*m + 5*h - 135 = 0. What is the units digit of m?
3
Let n(c) = 9*c**2 - 2*c - 6. What is the units digit of n(-3)?
1
Let d(c) = c - 7. Let r be d(11). Suppose -r*f + 3 = 5*m - 7, 5*f = -3*m + 19. What is the units digit of f?
5
Let c = 207 + -110. What is the units digit of c?
7
Let s(b) = -b + 1. Let z(k) = -4. Let d(i) = -s(i) - z(i). Let h be d(-5). What is the units digit of ((-21)/h)/(-3)*-2?
7
Let x(t) = 4*t**3 + 0 - 6 - 3*t**3 + 0 - 5*t + 4*t**2. What is the tens digit of x(-4)?
1
Suppose m - 5*t = 127, -2*m - 4*t + 37 + 147 = 0. What is the units digit of m?
2
Let q(h) = -h**2 + 6*h - 5. Let n be q(3). Suppose n*y + 42 = 186. What is the tens digit of y?
3
Let h be 0 - 0 - (3 - 1). What is the units digit of (1*(-14)/h)/1?
7
Let p(w) = 59*w + 43. What is the units digit of p(6)?
7
Let m(p) = -p**2 - 6*p - 1. Let k be m(-4). Suppose 3*z + 3*a = -z + 77, -z + 2*a = -22. Let i = z - k. What is the tens digit of i?
1
Let o = 4 + -1. Suppose 10 = o*k - 11. What is the units digit of k?
7
Let l be 14/(-4) - 7/14. What is the units digit of (l + 3)/((-1)/2)?
2
Let i = 177 - -81. Let z = i - 184. Suppose 17 = c + 2*g - 4*g, z = 5*c + g. What is the units digit of c?
5
Let g = -101 + 165. What is the tens digit of g?
6
Suppose 31 = 5*c - 34. Suppose 3*z - 14 = c. What is the units digit of z?
9
Suppose 0 = -f - 4, 3*f + 21 = g - f. Suppose -p = -g*p + 20. Suppose -2 - 33 = -p*z. What is the units digit of z?
7
Suppose 138 = 58*h - 52*h. What is the tens digit of h?
2
Let y be ((-12)/2)/1 - 0. Let g(p) = -5 + 3*p - 5*p - p**3 - 6*p**2 + p. What is the units digit of g(y)?
1
Let x be 0/(9/3 + -2). Suppose x*s = 3*s - 3. What is the units digit of s?
1
Let t = 41 - 16. What is the tens digit of t?
2
Let q = -15 + 5. Let a = 2 - q. What is the units digit of a?
2
Let j = -10 - 4. Let c be 3/((-6)/j) - -1. Let r = c - 0. What is the units digit of r?
8
What is the units digit of 273 - (5 - 4 - -1)?
1
Suppose -2*k = 2*k - 8. What is the units digit of k?
2
Let k be 28/10 + (-2)/(-10). Suppose k*i = -4*c + 127, -3*c = -0*i - 3*i + 120. What is the units digit of i?
1
Suppose 0 = -5*l - v + 158 + 216, -2*l + v + 144 = 0. Suppose 3*i - l = -26. What is the tens digit of i?
1
Suppose 3*y - 4*n + 34 = 0, 5*y - 4*n + 0*n + 70 = 0. Let w = 33 + y. What is the tens digit of w?
1
Let q(z) = -9*z**2 + 4*z + 1. Let o be q(-3). Let n = -50 - o. What is the tens digit of n?
4
Suppose v = 17 - 0. What is the tens digit of v?
1
Suppose -294 = 3*z - 6*z. What is the units digit of z?
8
Let m(w) = -w**2 - 12*w + 8. What is the units digit of m(-9)?
5
Let f(j) = -6*j**2 - 6*j + 11. Let y(m) = 7*m**2 + 7*m - 11. Let x(b) = 6*f(b) + 5*y(b). What is the units digit of x(0)?
1
Let r(p) = 9*p**2 + 6*p. Let s be r(-5). Let x = 96 - s. What is the units digit of (-1)/4 + x/(-12)?
8
Suppose 38 = -2*k - 2*x, 2*k - 5*x + 43 = k. Let f = k - -32. Suppose p + 2 - f = 0. What is the units digit of p?
7
Let v(x) = x**2